{"id":1872,"date":"2023-08-10T12:49:06","date_gmt":"2023-08-10T10:49:06","guid":{"rendered":"http:\/\/lesny-palac.pl\/?page_id=1872"},"modified":"2024-03-22T13:35:01","modified_gmt":"2024-03-22T12:35:01","slug":"strefa-relaksu","status":"publish","type":"page","link":"http:\/\/lesny-palac.pl\/?page_id=1872","title":{"rendered":"Strefa Relaksu"},"content":{"rendered":"\t\t<div data-elementor-type=\"wp-page\" data-elementor-id=\"1872\" class=\"elementor elementor-1872\">\n\t\t\t\t\t\t\t\t\t<section class=\"elementor-section elementor-top-section elementor-element elementor-element-0a8498a elementor-section-height-min-height elementor-section-boxed elementor-section-height-default elementor-section-items-middle elementor-invisible\" data-id=\"0a8498a\" data-element_type=\"section\" data-settings=\"{&quot;background_background&quot;:&quot;slideshow&quot;,&quot;background_slideshow_gallery&quot;:[{&quot;id&quot;:1874,&quot;url&quot;:&quot;http:\\\/\\\/lesny-palac.pl\\\/wp-content\\\/uploads\\\/2023\\\/08\\\/IMG-4487-scaled.jpg&quot;}],&quot;animation&quot;:&quot;slideInDown&quot;,&quot;background_slideshow_loop&quot;:&quot;yes&quot;,&quot;background_slideshow_slide_duration&quot;:5000,&quot;background_slideshow_slide_transition&quot;:&quot;fade&quot;,&quot;background_slideshow_transition_duration&quot;:500}\">\n\t\t\t\t\t\t<div class=\"elementor-container elementor-column-gap-default\">\n\t\t\t\t\t<div class=\"elementor-column elementor-col-100 elementor-top-column elementor-element elementor-element-3ad7ba8\" data-id=\"3ad7ba8\" data-element_type=\"column\">\n\t\t\t<div class=\"elementor-widget-wrap elementor-element-populated\">\n\t\t\t\t\t\t\t\t<div class=\"elementor-element elementor-element-5a5d549 elementor-widget elementor-widget-heading\" data-id=\"5a5d549\" data-element_type=\"widget\" data-widget_type=\"heading.default\">\n\t\t\t\t<div class=\"elementor-widget-container\">\n\t\t\t<style>\/*! elementor - v3.11.5 - 14-03-2023 *\/\n.elementor-heading-title{padding:0;margin:0;line-height:1}.elementor-widget-heading .elementor-heading-title[class*=elementor-size-]>a{color:inherit;font-size:inherit;line-height:inherit}.elementor-widget-heading .elementor-heading-title.elementor-size-small{font-size:15px}.elementor-widget-heading .elementor-heading-title.elementor-size-medium{font-size:19px}.elementor-widget-heading .elementor-heading-title.elementor-size-large{font-size:29px}.elementor-widget-heading .elementor-heading-title.elementor-size-xl{font-size:39px}.elementor-widget-heading .elementor-heading-title.elementor-size-xxl{font-size:59px}<\/style><h1 class=\"elementor-heading-title elementor-size-default\">Strefa Relaksu<\/h1>\t\t<\/div>\n\t\t\t\t<\/div>\n\t\t\t\t\t<\/div>\n\t\t<\/div>\n\t\t\t\t\t\t\t<\/div>\n\t\t<\/section>\n\t\t\t\t<section class=\"elementor-section elementor-top-section elementor-element elementor-element-9aea3d1 elementor-section-boxed elementor-section-height-default elementor-section-height-default\" data-id=\"9aea3d1\" data-element_type=\"section\">\n\t\t\t\t\t\t<div class=\"elementor-container elementor-column-gap-default\">\n\t\t\t\t\t<div class=\"elementor-column elementor-col-100 elementor-top-column elementor-element elementor-element-44e9bf0\" data-id=\"44e9bf0\" data-element_type=\"column\">\n\t\t\t<div class=\"elementor-widget-wrap elementor-element-populated\">\n\t\t\t\t\t\t\t\t<div class=\"elementor-element elementor-element-a8aebf0 elementor-widget elementor-widget-spacer\" data-id=\"a8aebf0\" data-element_type=\"widget\" data-widget_type=\"spacer.default\">\n\t\t\t\t<div class=\"elementor-widget-container\">\n\t\t\t<style>\/*! elementor - v3.11.5 - 14-03-2023 *\/\n.elementor-column .elementor-spacer-inner{height:var(--spacer-size)}.e-con{--container-widget-width:100%}.e-con-inner>.elementor-widget-spacer,.e-con>.elementor-widget-spacer{width:var(--container-widget-width,var(--spacer-size));--align-self:var(--container-widget-align-self,initial);--flex-shrink:0}.e-con-inner>.elementor-widget-spacer>.elementor-widget-container,.e-con-inner>.elementor-widget-spacer>.elementor-widget-container>.elementor-spacer,.e-con>.elementor-widget-spacer>.elementor-widget-container,.e-con>.elementor-widget-spacer>.elementor-widget-container>.elementor-spacer{height:100%}.e-con-inner>.elementor-widget-spacer>.elementor-widget-container>.elementor-spacer>.elementor-spacer-inner,.e-con>.elementor-widget-spacer>.elementor-widget-container>.elementor-spacer>.elementor-spacer-inner{height:var(--container-widget-height,var(--spacer-size))}<\/style>\t\t<div class=\"elementor-spacer\">\n\t\t\t<div class=\"elementor-spacer-inner\"><\/div>\n\t\t<\/div>\n\t\t\t\t<\/div>\n\t\t\t\t<\/div>\n\t\t\t\t\t<\/div>\n\t\t<\/div>\n\t\t\t\t\t\t\t<\/div>\n\t\t<\/section>\n\t\t\t\t<section class=\"elementor-section elementor-top-section elementor-element elementor-element-ce00ecc elementor-section-boxed elementor-section-height-default elementor-section-height-default\" data-id=\"ce00ecc\" data-element_type=\"section\">\n\t\t\t\t\t\t<div class=\"elementor-container elementor-column-gap-default\">\n\t\t\t\t\t<div class=\"elementor-column elementor-col-100 elementor-top-column elementor-element elementor-element-464eae4\" data-id=\"464eae4\" data-element_type=\"column\">\n\t\t\t<div class=\"elementor-widget-wrap elementor-element-populated\">\n\t\t\t\t\t\t\t\t<div class=\"elementor-element elementor-element-b1908ed elementor-invisible elementor-widget elementor-widget-heading\" data-id=\"b1908ed\" data-element_type=\"widget\" data-settings=\"{&quot;_animation&quot;:&quot;fadeInDown&quot;}\" data-widget_type=\"heading.default\">\n\t\t\t\t<div class=\"elementor-widget-container\">\n\t\t\t<h1 class=\"elementor-heading-title elementor-size-medium\"><p class=\"MsoNormal\">Witamy w Strefie Relaksu, miejscu przeznaczonym do\nwyciszenia, odpr\u0119\u017cenia i odnowienia. Nasza wyj\u0105tkowa oaza relaksu oferuje nie\ntylko komfortowe jacuzzi oraz pi\u0119kn\u0105, opalan\u0105 naturalnym drewnem saun\u0119 fi\u0144sk\u0105 w\noszklonej wiacie, ale tak\u017ce wyj\u0105tkow\u0105 atmosfer\u0119 aromaterapii, kt\u00f3ra przeniesie\nCi\u0119 w \u015bwiat zapachowych przyjemno\u015bci.<o:p><\/o:p><\/p>\n\n<p class=\"MsoNormal\"><o:p>&nbsp;<\/o:p><\/p>\n\n<p class=\"MsoNormal\">W naszej saunie, opr\u00f3cz korzystania z tradycyjnego ciep\u0142a,\nmo\u017cesz do\u015bwiadczy\u0107 dzia\u0142ania aromaterapii. Zapachowe olejki eteryczne,\nsubtelnie unosz\u0105ce si\u0119 w powietrzu, dodadz\u0105 Twojemu relaksowi nowy wymiar.\nAromaterapia ma nie tylko odpr\u0119\u017caj\u0105cy efekt na zmys\u0142y, ale tak\u017ce korzystnie\nwp\u0142ywa na zdrowie i samopoczucie.<o:p><\/o:p><\/p>\n\n<p class=\"MsoNormal\"><o:p>&nbsp;<\/o:p><\/p>\n\n<p class=\"MsoNormal\">Czekamy na Ciebie, aby\u015b m\u00f3g\u0142 zanurzy\u0107 si\u0119 w naszym \u015bwiecie,\nw kt\u00f3rym zmys\u0142owe doznania i naturalne otoczenie tworz\u0105 niezapomnian\u0105 podr\u00f3\u017c w\n\u015bwiat relaksu i harmonii. Przyjd\u017a i poczuj, jak odpr\u0119\u017casz si\u0119 zar\u00f3wno\nfizycznie, jak i emocjonalnie, pozostawiaj\u0105c za sob\u0105 stres i troski dnia\ncodziennego.<o:p><\/o:p><\/p><\/h1>\t\t<\/div>\n\t\t\t\t<\/div>\n\t\t\t\t\t<\/div>\n\t\t<\/div>\n\t\t\t\t\t\t\t<\/div>\n\t\t<\/section>\n\t\t\t\t\t\t\t<\/div>\n\t\t","protected":false},"excerpt":{"rendered":"<p>Strefa Relaksu Witamy w Strefie Relaksu, miejscu przeznaczonym do wyciszenia, odpr\u0119\u017cenia i odnowienia. Nasza wyj\u0105tkowa oaza relaksu oferuje nie tylko komfortowe jacuzzi oraz pi\u0119kn\u0105, opalan\u0105 naturalnym drewnem saun\u0119 fi\u0144sk\u0105 w oszklonej wiacie, ale tak\u017ce wyj\u0105tkow\u0105 atmosfer\u0119 aromaterapii, kt\u00f3ra przeniesie Ci\u0119 w \u015bwiat zapachowych przyjemno\u015bci. &nbsp; W naszej saunie, opr\u00f3cz korzystania z tradycyjnego ciep\u0142a, mo\u017cesz do\u015bwiadczy\u0107 &hellip;<\/p>\n<p class=\"read-more\"> <a class=\"\" href=\"http:\/\/lesny-palac.pl\/?page_id=1872\"> <span class=\"screen-reader-text\">Strefa Relaksu<\/span> Read More &raquo;<\/a><\/p>\n","protected":false},"author":1,"featured_media":0,"parent":0,"menu_order":0,"comment_status":"closed","ping_status":"closed","template":"","meta":{"site-sidebar-layout":"no-sidebar","site-content-layout":"page-builder","ast-global-header-display":"","ast-main-header-display":"","ast-hfb-above-header-display":"","ast-hfb-below-header-display":"","ast-hfb-mobile-header-display":"","site-post-title":"disabled","ast-breadcrumbs-content":"","ast-featured-img":"disabled","footer-sml-layout":"","theme-transparent-header-meta":"","adv-header-id-meta":"","stick-header-meta":"","header-above-stick-meta":"","header-main-stick-meta":"","header-below-stick-meta":"","footnotes":""},"class_list":["post-1872","page","type-page","status-publish","hentry"],"_links":{"self":[{"href":"http:\/\/lesny-palac.pl\/index.php?rest_route=\/wp\/v2\/pages\/1872","targetHints":{"allow":["GET"]}}],"collection":[{"href":"http:\/\/lesny-palac.pl\/index.php?rest_route=\/wp\/v2\/pages"}],"about":[{"href":"http:\/\/lesny-palac.pl\/index.php?rest_route=\/wp\/v2\/types\/page"}],"author":[{"embeddable":true,"href":"http:\/\/lesny-palac.pl\/index.php?rest_route=\/wp\/v2\/users\/1"}],"replies":[{"embeddable":true,"href":"http:\/\/lesny-palac.pl\/index.php?rest_route=%2Fwp%2Fv2%2Fcomments&post=1872"}],"version-history":[{"count":8,"href":"http:\/\/lesny-palac.pl\/index.php?rest_route=\/wp\/v2\/pages\/1872\/revisions"}],"predecessor-version":[{"id":2060,"href":"http:\/\/lesny-palac.pl\/index.php?rest_route=\/wp\/v2\/pages\/1872\/revisions\/2060"}],"wp:attachment":[{"href":"http:\/\/lesny-palac.pl\/index.php?rest_route=%2Fwp%2Fv2%2Fmedia&parent=1872"}],"curies":[{"name":"wp","href":"https:\/\/api.w.org\/{rel}","templated":true}]}}